h = -5*n + 17. What is the units digit of n?
2
Let n be -4 + 2 - (0 + -1). Let r = n - -5. What is the units digit of r?
4
Let d = 2 - 0. Suppose -2*h = d*h + 4*f - 32, -5*h + 36 = 4*f. What is the units digit of h?
4
Let g be (-6)/(-3) + (21 - -1). Let j = g + -8. What is the tens digit of j?
1
Suppose -o = 4*o + 40. Let m = 30 - 13. Let x = o + m. What is the units digit of x?
9
Suppose -3*l = -102 + 6. What is the tens digit of l?
3
Suppose 7 = -3*x + 118. What is the tens digit of x?
3
Let d(u) = u**2 - 8*u - 3*u + 16 - 3 + 4*u. What is the units digit of d(9)?
1
Suppose 0*m - 5*m - 1090 = -5*r, -1040 = -5*r - 5*m. What is the units digit of r?
3
Let z(f) = -f**2 + 16*f - 13. Suppose -2*b = b - 39. What is the units digit of z(b)?
6
Let h(y) = -2*y**2 + 8*y - 5. Let j be h(5). What is the units digit of ((-18)/j)/(3/10)?
4
Let s = -23 + 36. Let p = s - 5. What is the units digit of p?
8
Suppose 0 = 6*i - 6 - 0. Let c(u) = 40*u**3 + u**2 - 1. What is the units digit of c(i)?
0
Suppose 3*y - 2*y = 14. Let c be -2 + 3 + (9 - 1). Let k = y - c. What is the units digit of k?
5
Let l(a) = -2*a + 4 + 2*a + a. What is the units digit of l(4)?
8
What is the tens digit of (-3)/(-6) - (-771)/6?
2
Let a(r) = 2*r**2 + 2*r - 3. What is the tens digit of a(-5)?
3
Suppose 4*m = -3 + 51. Suppose -z - m = z. What is the units digit of 3/2 - 3/z?
2
Let u = 6 + -1. Let j = u - -18. Suppose -3*y - 5 + j = 0. What is the units digit of y?
6
Suppose 0 = -54*a + 52*a + 204. What is the hundreds digit of a?
1
Let d be 10 - (-2)/((-3)/3). Suppose 3*y + y - d = 0. What is the units digit of y?
2
Let v = 14 - 3. What is the units digit of v?
1
Let y(u) = 2*u**2 + 3*u - 3. Let v(n) = -6*n**2 - 10*n + 10. Let t(c) = -6*v(c) - 20*y(c). Let j be t(-2). What is the units digit of 1/(-4) + (-148)/j?
9
Suppose v = -2*v + 144. What is the units digit of v?
8
Let w(r) = 0*r**2 + r**2 + 15 - 2*r**2 - 11*r. What is the units digit of w(-12)?
3
Let r(i) = 3*i**3 - i**2 - i. Let u be r(-2). Let y = -16 - u. Suppose 2 + y = g + 5*f, 5*g - 39 = -4*f. What is the units digit of g?
7
Let q(d) = -15*d - 1. Let v be q(1). Let a = v - -23. Let h = a - 6. What is the units digit of h?
1
Suppose 4*l = -5*g + 92, -2 = -2*g - l + 33. What is the tens digit of g?
1
Suppose 4*f + 46 = -0*z + 2*z, 0 = 3*z - f - 59. What is the units digit of z?
9
Suppose 0*o = -5*c + 2*o + 2, 3*c = o + 2. Suppose 5*m = -10, 6*m - 82 = -3*x + c*m. What is the units digit of x?
0
Let l = 0 - 0. Suppose x + 2 = -l*x. What is the units digit of 1/x + 33/6?
5
Suppose 3*j + 8 + 16 = -3*s, 0 = -5*s - 20. Let n = 6 + j. What is the units digit of n/((-1)/((-9)/6))?
3
Suppose 0*x - 4*n - 84 = -4*x, 3*x - 67 = 5*n. What is the tens digit of x?
1
Suppose -v = v. Suppose -2*l + 6 + 8 = v. What is the units digit of l?
7
What is the units digit of ((-1)/(-3))/(-4 - 61/(-15))?
5
Suppose -2*i + 3 = -i. Suppose -i*g = -0*g - 6. What is the units digit of g?
2
Suppose 0 = 2*l + 129 - 337. Suppose -25 + l = 3*n + 5*b, -4*n = 3*b - 98. What is the units digit of n?
3
Let t be 5/((-15)/9) + -34. Let g be 4/(-6) + t/3. Let w = -2 - g. What is the tens digit of w?
1
Let s = 167 + 29. What is the hundreds digit of s?
1
Suppose -3*w - 5*f + 140 = 2*w, 5*f = -3*w + 82. What is the units digit of w?
9
Let b(i) = 6*i - 12 + 4*i + i**2 + 2 - 2*i**2. What is the units digit of b(7)?
1
Suppose -22*c + 17*c = -230. What is the units digit of c?
6
Let y(v) be the second derivative of v**4/6 - v**3/6 - v**2/2 + 2*v. What is the tens digit of y(3)?
1
What is the units digit of 55 - 2/((-2)/3)?
8
Suppose -3*i - 25 = -184. What is the units digit of i?
3
Let t = -50 + 114. What is the tens digit of t?
6
Let w be -1*(-4)/(12/189). Suppose -w = -5*j + 7. What is the tens digit of j?
1
Let v(g) = 2*g**2. What is the units digit of v(1)?
2
Suppose -3*a + 3 = -117. Suppose 0 = -4*d, -5*j + 2*d = d - a. What is the units digit of j?
8
What is the tens digit of (-6)/8 - (-2145)/44?
4
Let x(l) = 4*l**2 - 3*l + 6. What is the tens digit of x(-3)?
5
Let k(u) = -4*u**2 - 3*u + 6. Let t(p) = -3*p**2 - 3*p + 5. Let n(x) = -4*k(x) + 5*t(x). What is the units digit of n(3)?
1
Let y = 18 + -30. Let t(r) = -r**2 - 12*r + 6. What is the units digit of t(y)?
6
Let o(b) = b**2 - 4*b + 4. Let a be o(4). Suppose 3*c - 11 = 5*z - 36, 2*c = -a*z + 20. What is the units digit of z?
5
Let n be ((-6)/4)/(2/(-4)). Let r(q) = q**3 + n*q**2 - 2 + 0 + 3*q - 6*q. What is the units digit of r(-2)?
8
Let u = 168 + 15. What is the tens digit of u?
8
Suppose 2*f + 2*r = -0*f + 48, -5*f - 4*r + 122 = 0. Suppose 4*m = 6*m - f. What is the tens digit of m?
1
Let y(k) = 2*k**2 + 24*k - 10. What is the tens digit of y(-13)?
1
Let p(g) = -8*g - 3. Let r(x) = -15*x - 6. Let u(d) = -7*p(d) + 3*r(d). What is the tens digit of u(3)?
3
Suppose 0 = u - 5, -c + 36 = -u - 15. What is the tens digit of c?
5
Suppose 2*h + 57 - 663 = 0. What is the units digit of h?
3
Suppose 0*t - t = 2. Let d(g) = -3*g. What is the units digit of d(t)?
6
Let m be 101/5 + (-1)/5. Suppose -2*y = -3*y + z + m, z + 41 = 2*y. What is the units digit of y?
1
Suppose u - 112 = -t - 0, 4*u + 542 = 5*t. What is the units digit of t?
0
Let x(n) = 5*n + 22. What is the tens digit of x(3)?
3
What is the tens digit of 5/((-25)/(-5)) - -16*6?
9
Let q(f) = 3*f - 1. Let r be q(1). Suppose -8 - 26 = -r*h. What is the tens digit of h?
1
Let j(u) = -u**3 + 5*u**2 - u - 4. Let q be j(2). Let s(o) = -o**3 + 8*o**2 - 9*o + 5. What is the tens digit of s(q)?
2
Suppose 112 = -0*h + 4*h. What is the units digit of h?
8
Suppose -32 = -0*m - 2*m. Let s = -26 + 30. Suppose 0 = s*k - 12 - m. What is the units digit of k?
7
Let u = 0 + 3. Suppose 0*f - 3 = u*f. Let y = f - -3. What is the units digit of y?
2
Suppose -3*y - 9 = -6*y. Let b(j) = 3*j - 5*j**2 - j**y + 6 - 4*j + 0*j**2. What is the tens digit of b(-5)?
1
Let g be 1/(0 - 1/(-2)). Let r = -5 - -9. Suppose 20 = 4*n + r*k, 3*k - 18 = 2*n - g*k. What is the units digit of n?
1
Let q(z) = z - 4*z + 6*z - 4 - 5. What is the units digit of q(6)?
9
Let v be ((-7)/14)/((-2)/40). Let z = v + -9. What is the units digit of z?
1
What is the tens digit of -3 - (4/10 + (-3870)/50)?
7
Suppose -5*z = -10*z + 460. Let g = z + -45. What is the units digit of g?
7
Let x = 16 - 40. Let m be (1/2)/((-2)/x). What is the tens digit of 10/(-6)*-1*m?
1
Suppose -5*t - 5 = -4*p, -3*t = 4*p - 3*p - 14. What is the units digit of t?
3
Let q(y) = y + 1. Suppose 0 = p - 3*p. What is the units digit of q(p)?
1
Let x(y) = y**3 - 2*y**2 + 2*y - 1. Let a be x(1). Let n be 10/(-4)*(a + -2). Suppose 0*v - n = -v. What is the units digit of v?
5
What is the units digit of 16/(-20) + (-74)/(-5)?
4
Let f = 33 - 16. Let l = f - 10. Let j(k) = 2*k - 5. What is the units digit of j(l)?
9
Suppose -k + 4*s = -5*k + 416, 0 = -4*k + 3*s + 437. Suppose 5*p + 5*y - 134 - 1 = 0, 0 = -4*p - 5*y + k. What is the units digit of p?
8
Suppose 5*o - x = 863, 0*x - 163 = -o - 3*x. What is the tens digit of o/8 + (-2)/(-4)?
2
Let m(w) = 35*w**2 - 2*w - 1. What is the tens digit of m(-2)?
4
Let z(v) = 10*v**2 + 3*v. What is the units digit of z(-2)?
4
Suppose -6*b + 8*b = 2. Let z(w) be the first derivative of 5*w**4/2 + w**3/3 - w - 1. What is the units digit of z(b)?
0
Let d = 40 - 6. Let v = 56 - d. What is the units digit of v?
2
Let h(o) = 11*o - 2. Let w be h(3). Suppose 0 = -y + k + 7, 3*y - k - 4*k - w = 0. What is the units digit of y?
2
Let s(v) = v - 3 - 2*v**2 + v + 3*v**2 - 1. What is the units digit of s(4)?
0
Suppose 5*d - 1 = 4*d. Suppose -3*i + 43 = d. What is the tens digit of i?
1
Suppose -4*f = 2*c + f - 5, 2*f = 5*c + 2. Suppose 0 = -b - c*b. Suppose -h - 1 + 4 = b. What is the units digit of h?
3
Let p(l) = -10*l**3 + l**2 - l - 1. What is the units digit of p(-1)?
1
Let x be 0 - (-7 + 4 + 3). Suppose -6*o + x*o + 264 = 0. What is the tens digit of o?
4
Suppose -3*x + x + 22 = 5*q, 2*x - 6 = 3*q. Suppose -2*g = -2*o + x, -7 = -2*o - 2*g - 1. What is the units digit of o?
3
Let g be 6/2 + -1 - -2. Let l = 6 - g. What is the units digit of l?
2
Let u(t) be the first derivative of 17*t**2/2 - 14*t - 1. What is the units digit of u(4)?
4
Suppose -502 = -2*a + 72. What is the units digit of a?
7
Let a(d) = 39*d**2 -